inder when 152 is divided by c(6)?
40
Let p = -4 + -1. Let k(i) = i**3 + 5*i**2 - i - 3. Suppose -2*b - 6 + 4 = 0, -5*r + 44 = -4*b. Calculate the remainder when r is divided by k(p).
0
Let m be (476/35)/((-1)/(-5)). Suppose -4*u + m = -116. What is the remainder when u is divided by 24?
22
Let h(i) = 3*i + 35. What is the remainder when 99 is divided by h(-6)?
14
Let q(j) = -6*j + 0*j - 24644 + 24636. Let y = -4 - -1. Calculate the remainder when 26 is divided by q(y).
6
Suppose 14 = 4*v + 478. Let j = v - -129. What is the remainder when 23 is divided by j?
10
What is the remainder when 145 is divided by 12309/495 + (-4)/(-30)?
20
Let d(m) = 3*m - 1. Let h = 6 - 8. Let b(j) = -j**3 - 2*j**2 - j + 2. Calculate the remainder when d(4) is divided by b(h).
3
Suppose -5*n + 3*c = 25 - 761, -2*c + 142 = n. What is the remainder when n is divided by 50?
46
Let a(k) = 30*k**2 - 2*k + 2. Let w be a(2). Let q = w - 79. Calculate the remainder when q is divided by 21.
18
Let n be (0*3/(-6))/(-1). Suppose h + 0*h = n. Suppose h = 2*c - 163 - 35. What is the remainder when c is divided by 25?
24
Suppose u - 896 = -4*v, -2*u + 536 - 94 = 2*v. What is the remainder when v is divided by 19?
16
Suppose z + 1117 = 3*y, y - 3*z - 152 - 231 = 0. Calculate the remainder when y is divided by 42.
35
Suppose -10 = -5*a, -4*q + 6 = a - 20. Suppose 42 - q = 2*i. Calculate the remainder when 51 is divided by i.
15
Suppose -2*u + 4*u = -4. Let v be (u + 23)*15/9. Suppose 4*s + 18 = 2*i - 28, 5*s = i - v. What is the remainder when i is divided by 9?
6
Let w be ((-28)/(-70))/(311/310 - 1). Calculate the remainder when 1/((8/w)/2) is divided by 9.
4
Suppose -33*o + 21*o + 780 = 0. Calculate the remainder when 252 is divided by o.
57
Suppose -4*m + 5*m = 5*c - 160, -c = -4*m - 13. Let n(t) = -t**2 - 18*t + 24. What is the remainder when n(-12) is divided by c?
30
Let o(l) = -4*l**3 + 43*l**2 + 11*l + 18. Let x = 129 + -77. What is the remainder when x is divided by o(11)?
16
Suppose 13*d - 11*d = 926. Suppose -3*g + q = -282, -4*q = -0*g - 5*g + d. Calculate the remainder when g is divided by 16.
15
Let p(o) = 69*o**2 + 9*o + 11. What is the remainder when p(-1) is divided by 45?
26
Let b be 10/(-3) + 0 + (-2)/3. What is the remainder when 2/b*(10 - 124) is divided by 29?
28
Suppose h = 3 + 10. Suppose 3*w - 181 + 28 = 0. Calculate the remainder when w is divided by h.
12
Let a = 33 + -2. Suppose 3*p = -r + 277, -3*p + 5*r - 97 = -4*p. What is the remainder when p is divided by a?
30
Let s be (-4)/(-10) - 10/(200/2268). Let p = s + 182. What is the remainder when p is divided by 36?
33
Suppose 2*d + 3 = d. Let j(l) = l**2 - 3*l - 7. What is the remainder when j(-4) is divided by ((-36)/(-16))/(d/(-8))?
3
Let m be ((-4)/3)/(2/(-12)). Let i(q) = -2*q + 31. What is the remainder when i(m) is divided by 4?
3
Suppose -4*w - 3*c + 159 = -170, 4*c = -4*w + 324. Let v = -40 + w. What is the remainder when v is divided by (-2)/(-1)*8 + 0?
14
Suppose 0 = 36*g - 35*g - 5. Suppose g*i - 113 - 342 = 0. What is the remainder when i is divided by 23?
22
Let u = -1477 - -1484. Let y be 5*1 + 0/6. Suppose i + 2*i - 14 = -b, -y*b + 16 = -3*i. What is the remainder when u is divided by i?
1
Let r = 111 - 103. Suppose -r*c = -0*c - 48. What is the remainder when 52 is divided by c?
4
Let j(q) be the third derivative of 7/6*q**3 - 1/60*q**5 + 0*q + 3/8*q**4 + 0 + q**2. Calculate the remainder when j(5) is divided by 15.
12
Suppose 12 = 4*a - 12. What is the remainder when a is divided by -2*((-12)/18 + (-2)/6)?
0
Let o(z) = -19*z - 450. Calculate the remainder when o(-29) is divided by 36.
29
Suppose 2*p + 11 - 29 = 0. Suppose -p*s = -5*s - 64. Calculate the remainder when (-61)/2*4/(-2) is divided by s.
13
Let u(o) = o**2 - 5*o - 3. Let r(n) = -n**2. Let z(k) = -6*r(k) - u(k). Suppose 35 = 2*p - 61. Calculate the remainder when p is divided by z(-2).
9
Let h(f) = -47*f - 174. Suppose -4*t + 3*t + 3*i = -65, -5*t + 5*i + 285 = 0. Calculate the remainder when t is divided by h(-4).
11
Suppose 5*z + 22 = 2*v, v + 55 = 6*v - 3*z. Suppose -6 = -5*n - 36. Let p = 1 - n. What is the remainder when v is divided by p?
4
Let b(g) = -g**3 - 44*g**2 + 42*g - 110. What is the remainder when 72 is divided by b(-45)?
22
Let d(a) = 2*a + 8. Let t be d(-5). Calculate the remainder when (-84)/10*(18/(-4) - t) is divided by 4.
1
Let t(y) = 8*y - 4. Let f be t(4). Let q = 31 - f. What is the remainder when 31 is divided by q?
1
Let q = 2 + -5. Let m = q - -61. Suppose 269 = 8*n + 29. Calculate the remainder when m is divided by n.
28
Suppose -3*z - 6 = 0, 0 = -9*l + 13*l + z - 142. Calculate the remainder when 213 is divided by l.
33
Calculate the remainder when (138 - 0) + (-66)/11 is divided by 15.
12
Suppose 5*j - 7*j + 3*l + 68 = 0, 5*j = 4*l + 170. Calculate the remainder when j is divided by 19.
15
Let l be (4/6)/((-4)/132). Let g = l + -2. What is the remainder when 80 is divided by 72/(-2)*18/g?
26
Suppose -11*m - 108 = -9*m. Let j = m - -108. Calculate the remainder when j is divided by 14.
12
Let x(l) = -l + 1 + l**2 + 0*l - 12*l - 4. Suppose -5*v = -3*v - 36. What is the remainder when v is divided by x(14)?
7
Let i be 2/12 + (-68)/(-24). Let p be i - (-12)/8*6. Calculate the remainder when 28 is divided by (-75)/45*p/(-2).
8
Suppose -80 = -5*p - 3*a, -4*a + 57 = 4*p - 3*a. Calculate the remainder when 174*-1*6/(-9) is divided by p.
12
Let m = 14 + -5. Calculate the remainder when ((-150)/8 - 3)/(2/(-8)) is divided by m.
6
Calculate the remainder when 13324/44 + 13/(715/10) is divided by 17.
14
Let v(z) = z**2 - 32*z + 78. Calculate the remainder when v(40) is divided by 15.
8
Let a(k) = 0*k + 6*k + 0*k - 1 - 8*k. What is the remainder when a(-13) is divided by 4?
1
Let k = 109 + -67. Calculate the remainder when k is divided by 9.
6
What is the remainder when 68 is divided by -2 - (-116)/(5 + -1)?
14
Suppose 0*f = 5*f - 5, 5*s - 5*f = 845. Suppose 37 = 12*t - 191. What is the remainder when s is divided by t?
18
Let z = 217 - 114. Suppose -4*n + 169 = -z. Calculate the remainder when n is divided by 36.
32
Calculate the remainder when 139 is divided by 232/32 + -7 + (-287)/(-4).
67
Suppose 0 = -3*n + 4*n - 55. Suppose -r = -5*o + 18, -2*r + 1 = -3*o + 16. Calculate the remainder when n is divided by 1/(1*o/42).
13
Let n(p) = 5*p**2 + 119*p. Calculate the remainder when 263 is divided by n(-24).
23
Let f = 8 + -4. What is the remainder when (-107)/(-4) - (-1)/f is divided by 16 - ((-15 - -1) + 20)?
7
Let d = -125 - -126. Calculate the remainder when d + (-102)/(-7) - (-105)/245 is divided by 5.
1
Calculate the remainder when 9*1 - 257/(-1) is divided by 13.
6
Let i(v) be the third derivative of v**5/60 + 17*v**4/24 + 3*v**3 - v**2. Let a be i(-16). Calculate the remainder when (13 - 49)*(-2)/a is divided by 13.
10
Suppose -11*b = 378 - 1159. What is the remainder when 492 is divided by b?
66
Suppose -5*q + 5*j = -190, -64 - 40 = -3*q + j. Let x = -595 + 656. What is the remainder when x is divided by q?
28
Suppose -5*g = 12 - 47. Suppose 34*p = 3*m + 35*p - 77, -3*m = 3*p - 87. Calculate the remainder when m is divided by g.
3
Suppose -17*m + 84 = -13*m. Suppose 0*i - 4*i = -32. What is the remainder when i is divided by 99/m + 8/28?
3
Let p(x) = -x**3 + 19*x**2 + 69*x + 9. Let l(r) = r**3 + 9*r**2 + 9*r + 4. Calculate the remainder when p(22) is divided by l(-7).
36
Let i(q) = 2*q + 26. Let s = -38 - -55. What is the remainder when i(s) is divided by 9?
6
Let k(n) = n**2 - 4*n + 8. Let w = -496 - -504. What is the remainder when k(6) is divided by w?
4
Let y = -1082 + 1207. Calculate the remainder when y is divided by 117.
8
Let d(z) = 3*z**2 + 6*z + 13. Calculate the remainder when d(3) is divided by 12.
10
Suppose 0 = 2*g - 6, -a + 42 = 2*a + 2*g. Let x = 42 - 20. What is the remainder when x is divided by a?
10
Suppose -76*f = 261 - 11737. What is the remainder when 439 is divided by f?
137
Let w be 0 - -2*6/4. Suppose 112 = -w*q + 7*q. Calculate the remainder when 55 is divided by q.
27
Suppose 24*t - 38 = 214 + 12. What is the remainder when 1*12*(-13)/(-3) is divided by t?
8
Suppose -x + 36 = 3*x. Let m(r) = r**3 - 10*r**2 + 12*r - 9. Suppose 0 = -84*s + 113*s - 1508. What is the remainde